is divided by 664.
425
What is the remainder when 17286244 is divided by 23876?
20
What is the remainder when 19835937 is divided by 379?
214
What is the remainder when 4618375 is divided by 376?
343
What is the remainder when 176851 is divided by 49?
10
What is the remainder when 75769732 is divided by 28?
24
What is the remainder when 19763601 is divided by 8955?
8871
What is the remainder when 5694164 is divided by 3472?
84
Calculate the remainder when 334618 is divided by 19683.
7
What is the remainder when 1149300 is divided by 63811?
702
Calculate the remainder when 146997224 is divided by 16.
8
Calculate the remainder when 258067 is divided by 583.
381
Calculate the remainder when 2476749 is divided by 1637.
1605
Calculate the remainder when 7459300 is divided by 2486431.
7
Calculate the remainder when 303963 is divided by 1575.
1563
What is the remainder when 388450 is divided by 118?
112
What is the remainder when 10013441 is divided by 117?
113
What is the remainder when 1921546 is divided by 214?
40
Calculate the remainder when 567828 is divided by 7011.
6948
What is the remainder when 2300503 is divided by 383414?
19
Calculate the remainder when 47028037 is divided by 11757001.
33
Calculate the remainder when 43768604 is divided by 624.
620
What is the remainder when 30002 is divided by 5000?
2
What is the remainder when 591037 is divided by 869?
117
What is the remainder when 1164797 is divided by 832?
829
Calculate the remainder when 786445 is divided by 184.
29
What is the remainder when 235863 is divided by 58958?
31
Calculate the remainder when 2709337 is divided by 185.
12
What is the remainder when 1699752 is divided by 1519?
1510
Calculate the remainder when 4873072 is divided by 186.
58
What is the remainder when 134749 is divided by 269?
249
Calculate the remainder when 1359696 is divided by 146.
144
What is the remainder when 58581069 is divided by 16?
13
What is the remainder when 7914033 is divided by 4451?
155
Calculate the remainder when 16403862 is divided by 252367.
7
What is the remainder when 118486 is divided by 59219?
48
Calculate the remainder when 15251927 is divided by 26479.
23
Calculate the remainder when 374929 is divided by 52.
9
What is the remainder when 553701 is divided by 10253?
39
Calculate the remainder when 333392 is divided by 686.
682
Calculate the remainder when 70366 is divided by 5776.
1054
What is the remainder when 4098910 is divided by 4398?
4372
What is the remainder when 7716465 is divided by 964556?
17
Calculate the remainder when 5973779 is divided by 2189.
2187
What is the remainder when 121627981 is divided by 2464?
13
Calculate the remainder when 1464062 is divided by 1319.
1291
Calculate the remainder when 336130 is divided by 25854.
28
What is the remainder when 29068191 is divided by 24?
15
Calculate the remainder when 1292816 is divided by 1003.
952
What is the remainder when 431258806 is divided by 12?
10
Calculate the remainder when 1213334 is divided by 606467.
400
What is the remainder when 39030674 is divided by 59?
50
Calculate the remainder when 32868575 is divided by 1643427.
35
Calculate the remainder when 161323133 is divided by 2894.
2891
Calculate the remainder when 884124839 is divided by 2738.
2735
What is the remainder when 730837731 is divided by 11?
8
What is the remainder when 251261070 is divided by 471?
468
What is the remainder when 75627537 is divided by 430?
427
Calculate the remainder when 42429 is divided by 1523.
1308
Calculate the remainder when 299465 is divided by 298829.
636
What is the remainder when 608070 is divided by 21716?
22
Calculate the remainder when 773720 is divided by 662.
504
What is the remainder when 11250513 is divided by 10?
3
What is the remainder when 462231 is divided by 6726?
4863
Calculate the remainder when 400519 is divided by 116.
87
Calculate the remainder when 102436734 is divided by 382.
378
Calculate the remainder when 4905055 is divided by 373.
105
Calculate the remainder when 38673064 is divided by 54.
46
What is the remainder when 594310 is divided by 6831?
13
Calculate the remainder when 15640460 is divided by 4264.
108
Calculate the remainder when 3846503 is divided by 641070.
83
What is the remainder when 17348528 is divided by 788564?
120
Calculate the remainder when 89177888 is divided by 9486.
2
What is the remainder when 96554086 is divided by 4198003?
17
What is the remainder when 56589 is divided by 6487?
4693
Calculate the remainder when 938406554 is divided by 268.
266
Calculate the remainder when 21926328 is divided by 10.
8
Calculate the remainder when 106683013 is divided by 15.
13
What is the remainder when 6145292 is divided by 578?
574
Calculate the remainder when 217994 is divided by 932.
838
What is the remainder when 9515 is divided by 3156?
47
Calculate the remainder when 408734 is divided by 7047.
8
What is the remainder when 63138448 is divided by 138?
136
Calculate the remainder when 155470 is divided by 18165.
10150
Calculate the remainder when 2572498 is divided by 103.
73
What is the remainder when 5206240 is divided by 743734?
102
Calculate the remainder when 605741 is divided by 812.
801
Calculate the remainder when 2649719 is divided by 294409.
38
Calculate the remainder when 4699937 is divided by 23.
2
Calculate the remainder when 4744682 is divided by 1023.
8
Calculate the remainder when 6620408 is divided by 324.
116
Calculate the remainder when 118531 is divided by 1173.
58
What is the remainder when 473691919 is divided by 5351?
5346
What is the remainder when 2395000 is divided by 1197387?
226
What is the remainder when 13866 is divided by 2544?
1146
Calculate the remainder when 1958822 is divided by 2868.
2846
Calculate the remainder when 841417050 is divided by 24.
18
Calculate the remainder when 8406847 is divided by 4203328.
191
What is the remainder when 31992 is divided by 658?
408
Calculate the remainder when 17836 is divided by 33.
16
Calculate the remainder when 11319425 is divided by 486.
485
Calculate the remainder when 8216628 is divided by 272.
52
Calculate the remainder when 401719 is divided by 6016.
4663
Calculate the remainder when 12617452 is divided by 3152.
3148
Calculate the remainder when 12723522 is divided by 10195.
162
Calculate the remainder when 2965847 is divided by 3759.
3755
What is the remainder when 1281263 is divided by 7?
4
What is the remainder when 34125181 is divided by 111?
7
What is the remainder when 141379 is divided by 441?
259
What is the remainder when 1090324 is divided by 354?
4
Calculate the remainder when 116007 is divided by 7.
3
What is the remainder when 538422 is divided by 269073?
276
What is the remainder when 2021489 is divided by 138?
65
What is the remainder when 1608089 is divided by 15612?
53
What is the remainder when 1595643 is divided by 398909?
7
What is the remainder when 125337 is divided by 2417?
2070
What is the remainder when 1494536 is divided by 10989?
32
What is the remainder when 7703519 is divided by 2918?
2917
Calculate the remainder when 356753 is divided by 984.
545
What is the remainder when 1494950158 is divided by 3630?
3628
Calculate the remainder when 146237 is divided by 419.
6
What is the remainder when 264833265 is divided by 2751?
2748
What is the remainder when 30766734 is divided by 1469?
1467
What is the remainder when 50160 is divided by 49632?
528
Calculate the remainder when 2897673 is divided by 338.
337
Calculate the remainder when 447429 is divided by 202.
201
What is the remainder when 37929931 is divided by 4964?
7
What is the remainder when 164855 is divided by 23547?
26
What is the remainder when 428022 is divided by 18?
0
Calculate the remainder when 2179361 is divided by 31.
30
What is the remainder when 3860688 is divided by 482585?
8
What is the remainder when 38583617 is divided by 723?
722
What is the remainder when 676416 is divided by 96616?
104
Calculate the remainder when 664349 is divided by 213.
2
Calculate the remainder when 414891 is divided by 2004.
63
What is the remainder when 16177 is divided by 2793?
2212
Calculate the remainder when 24174 is divided by 3834.
1170
What is the remainder when 36073 is divided by 2258?
2203
What is the remainder when 30645046 is d